e i(w).
-2
Let a(n) = -n + 4. Let c(g) = 1. Let l(i) = a(i) - 6*c(i). Calculate l(6).
-8
Let t(f) = 3*f**2 - 3*f + 1. Suppose 5*l + 0*l = 10. Calculate t(l).
7
Let l(y) = 2*y**2 + 5*y + 2. Let m(b) = 2*b**2 - 21*b - 15. Let u be m(11). Calculate l(u).
14
Suppose 0*v = 3*v + n - 6, -4*v = -n - 8. Let y(j) = j - 2 + 1 - v*j + 0. Suppose -4*q = -8, 2*q - 29 = -5*k - 0*q. Calculate y(k).
-6
Let y(i) = -i - 6. Let a(u) = 2*u + 13. Let s(v) = -4*a(v) - 9*y(v). What is s(6)?
8
Let k(s) = 4*s**3 + 4*s**2 - 3*s**3 - 6*s + 3 + 0*s. Let n(m) = -9*m - 35. Let f(d) = 13*d + 52. Let q(i) = 5*f(i) + 7*n(i). Let y be q(-10). Give k(y).
8
Suppose 18 = 4*a - a. Let w(s) = -s**3 - 2*s**2 - s - 1. Let l(p) = 2*p**3 + 13*p**2 - 2*p - 4. Let f(i) = l(i) + 3*w(i). Give f(a).
-1
Let h(y) = -y + 4 + 3*y - 3. Let u(r) = -r. Let k(o) = h(o) + 3*u(o). What is k(7)?
-6
Let v(s) = 3*s**2 + s - 6. Let y(j) = -4*j - 6 + 0*j + 4*j + 2*j**2 + 2*j. Let x(f) = 3*v(f) - 4*y(f). Let z(a) = -4*a - 7. Let p be z(-3). Determine x(p).
6
Let s(c) = 10*c**3 + c**2. Suppose -z + 7 = -0*z. Let o = z - 8. Give s(o).
-9
Let f(t) be the first derivative of t**3/3 - 5*t**2 - t + 22. Give f(5).
-26
Let k be (1 - 1)/3 + 10. Let t = k - 8. Let w be (-1 + t)/((-5)/(-20)). Let r(n) = n - 4. Determine r(w).
0
Let s(d) = 2*d - 1. Let r be (-1)/(6/4 + -1). Let z be s(r). Let c(o) = -o**2 - 4*o. Determine c(z).
-5
Let v(n) = -3*n**3 + 2*n**2 - 2*n + 18. Let u(c) = 13*c**3 - 9*c**2 + 9*c - 73. Let y(d) = -2*u(d) - 9*v(d). Determine y(0).
-16
Let n(r) = 2*r + 1. Let w(s) = 3*s + 2. Let i(j) = 4*n(j) - 3*w(j). Determine i(2).
-4
Let y = -4 + 7. Suppose d - 4*w + 18 = w, 12 = -4*d + 5*w. Let b(q) = -2*q**2 - q + 1. Let p(o) = 2*o**2 + 2*o - 1. Let i(m) = d*p(m) + y*b(m). Give i(-1).
-2
Let u(i) = 0 + 5 - 2*i**2 - 5*i - 1. Let v(a) = a - 13. Let y be v(9). Calculate u(y).
-8
Suppose -10 = -3*h + 5. Let m(a) = 3*a**3 - 2*a**2 + 9*a. Let z(l) = -2*l**3 + 2*l**2 - 6*l. Let g(n) = 5*m(n) + 8*z(n). Determine g(h).
10
Let i be (2 + -2)/(-1 + 2). Let b(t) = t**3 - 4*t + i*t**3 + 0*t + 2*t**2. Calculate b(-3).
3
Let w(h) = h - 2. Let n be (-5 + 0)*(-13 - -14). Give w(n).
-7
Let x(p) = p**3 - 6*p**2 + 5*p - 6. Let k(l) = 3. Let a(v) = -v - 1. Let u(i) = -a(i) - k(i). Let d be u(7). Give x(d).
-6
Let k(x) = -x**3 + x**2 - x - 1. Suppose -4*c = -6*s + 3*s - 18, -2*s - 16 = -4*c. Let w be s/4 - (-2)/(-4). Determine k(w).
2
Let n(c) = -3*c - 2. Let i(w) = w**2 + w - 8. Let v be i(-4). Suppose 7 + 5 = -2*a. Let q be a/v*36/(-27). Calculate n(q).
-8
Let b(w) = -w**2 + 7*w + 3. Let m be (10 - 7)/((-1)/(-15)). Suppose 49 = 3*z - 5*g, -5*z = -2*g + g - m. Determine b(z).
-5
Suppose 0 = f - 0*f. Let d(c) = 6*c**3 - 3*c**3 + c - 2*c**3 - c**2 - 7 - 2*c**3. What is d(f)?
-7
Suppose 5*f + 5 = -0*f. Let a(m) = m**2 - 7*m - 2. Let y(g) = -3*g - 1. Let b = -11 - -4. Let s(w) = b*y(w) + 3*a(w). Determine s(f).
4
Let n(y) = 4 + 0 - 1 + 2*y**2 + 5*y - 5*y**3 - 6. Let v(q) = 3*q**2 - 1 + 3*q**3 + 2 - 3*q - 4*q**2. Let l(a) = -4*n(a) - 7*v(a). Calculate l(0).
5
Let k(i) be the third derivative of -1/24*i**4 - i**2 + 1/2*i**3 + 0 + 0*i. Let p(g) = 6*g + 2. Let t be p(-1). Determine k(t).
7
Let u(k) be the third derivative of -k**5/60 + k**4/4 + k**3/6 + k**2. Calculate u(3).
10
Let j(m) = 2*m + 7. Let a be j(-6). Let g(q) be the third derivative of -q**2 + 0*q + q**3 + 0 + 1/24*q**4. Give g(a).
1
Let q(m) = -m**2 + m - 1. Let t(u) = -u**2 + 2*u - 1. Let j(z) = -4*q(z) + 5*t(z). What is j(4)?
7
Let f(q) be the second derivative of 1/2*q**2 - q + 5/6*q**3 + 0. Calculate f(-1).
-4
Let g(l) = -l**2 + 2*l**2 - 1 + l + 2*l**2. Let f(z) = z + 9. Let t be f(-7). Let i = t + -1. Calculate g(i).
3
Let g(r) be the second derivative of r**5/20 + r**4/3 - 2*r**3/3 - 25*r. What is g(-5)?
-5
Suppose 3*n - 6 = -0*n. Suppose 0 = d + t, 0 = 2*d - 2*t + n + 2. Let p(x) be the second derivative of -x**3/2 - 3*x. Determine p(d).
3
Let i(w) be the second derivative of 4*w**3/3 + w**2/2 + 2*w. Let t(x) = x. Let l(a) = -i(a) + 6*t(a). Suppose -z - 4*z - 15 = 0. Determine l(z).
5
Let v(k) be the second derivative of k**5/20 + k**4/3 + k**3/2 + 3*k**2 + k. Suppose -m - 2 = 0, -4*c = -3*c - 2*m. What is v(c)?
-6
Let o(x) = x - 1. Suppose 0 = -4*f - t + 4, 4*f - f + 2 = -2*t. Let h = f + 1. Let n(s) = s - 5. Let a be n(h). Calculate o(a).
-3
Let g(m) = m - 3. Let a be (18/(-12))/(2/(-4)). Let q = 0 - a. Determine g(q).
-6
Let a(c) be the third derivative of -c**6/120 + 7*c**5/60 + 3*c**4/8 - 5*c**3/3 + 7*c**2. Determine a(8).
-2
Let p(z) = z**2 - z - 4. Suppose b - 2*y - 4 = 0, 1 = y - 0*y. Suppose b*a = a - 15. Give p(a).
8
Let w = 15 - 11. Let k(l) = 5*l - 3 - 13*l**2 - w*l**3 + 3*l**3 + 10*l**2. Determine k(-4).
-7
Let y(q) = q**3 + 6*q**2 - 8. Let h be y(-6). Let n be (1*-3)/(6/h). Let s(f) = 1 + f**2 - n*f**2 + 0*f + 2*f. What is s(-1)?
-4
Let k = 12 - 8. Suppose -k*r = 2 + 6. Let v(u) = 3 - 36*u + 17*u + 23*u. Give v(r).
-5
Let z(n) = -n + 4. Let x be 12 + (-8)/(3 - -1). Suppose -3*o = 3*h + 6, 2*o + 4*h + 2 = -x. What is z(o)?
2
Let w(y) = y**3 - 7*y**2 + 4*y + 6. Let s be w(6). Let f(q) = q**3 + 6*q**2 + 2. What is f(s)?
2
Let l(w) be the first derivative of -w**4/4 + 4*w**3/3 - w**2 - 7. What is l(2)?
4
Suppose -5*b + 15 = 5*y, y - 5*y + 5*b = -21. Let g(v) = v**3 - 6*v**2 + 6*v. What is g(y)?
-8
Let t = -5 + 5. Let x(a) be the second derivative of -a**6/360 - a**4/4 + a**3/3 + 2*a. Let w(k) be the second derivative of x(k). Calculate w(t).
-6
Let v(s) = 8*s + 7*s**2 - 6 + 2 - 8*s**2 - 3. Give v(7).
0
Let b(f) = 10*f - 11. Let s(i) = -12*i + 12. Let h(d) = -5*b(d) - 4*s(d). Calculate h(7).
-7
Let u(a) be the first derivative of -a**7/840 + a**6/180 - a**5/40 + a**4/24 + a**3 + 2. Let b(q) be the third derivative of u(q). Calculate b(2).
-5
Let v(f) be the third derivative of -f**5/60 + 5*f**2. What is v(-3)?
-9
Let t(y) = -y**2 + 2*y - y**3 + y**2 + 2*y**2. Let v = 8 - 5. Let s = 5 - v. Calculate t(s).
4
Let z(m) = m**3 + 2*m**2 - m - 2. Let r(u) = 6*u**3 + 5*u**2 - 9. Let q(k) = -k**2 + k. Let d(h) = 4*q(h) - r(h). Let f(l) = 2*d(l) + 11*z(l). Give f(3).
-4
Let r(i) = 0 + 4 - 3*i**2 + 2*i**2 - 3*i + i. Calculate r(-5).
-11
Let k(j) = j**3 - 3*j**2 - 6*j + 4. Let s be k(4). Let q(i) = 1. Let l(f) = f + 3. Let x(d) = 2*l(d) - 5*q(d). Determine x(s).
-7
Let x(n) = 1 - 3 - 5*n + 2*n. Let m(g) = g + 1. Let r be m(-8). Let o = r + 5. Determine x(o).
4
Let v(r) = -r**2 - 2*r - 2. Let u be v(-3). Let a(h) = 2*h + 6 - 4 + 4 + 1. Give a(u).
-3
Let m be (-13)/4 + ((-2)/(-8) - 1). Let r(d) = -3*d - 7. Suppose 2*p = -p, 3*n - 9 = 4*p. Let c(k) = k + 2. Let t(u) = n*r(u) + 8*c(u). Calculate t(m).
-1
Let o be 2/(-7)*(-4 + 11). Let x(j) = -3*j + 1. Let t(g) = -2*g. Let r(z) = 7*t(z) - 3*x(z). Determine r(o).
7
Let n(r) = -4*r**3 - 10*r**2 + 5*r - 9. Let i(d) = -d**3 - d**2 + d - 1. Let x(l) = -5*i(l) + n(l). Calculate x(5).
-4
Let q(u) = u**2 - 7*u + 4. Suppose 2 = -0*g - 2*g. Let h be 2 + 16/(g + 5). Give q(h).
-2
Suppose 5*v - 81 = -26. Let r(i) = -4*i - 6. Let c(s) = -19*s - 17. Let m(w) = -9*w - 9. Let z(h) = -2*c(h) + 5*m(h). Let j(x) = v*r(x) - 6*z(x). Give j(-2).
4
Suppose 3 = -4*r + 11, -q + 4*r = 13. Let h(y) = y. Let u(n) = -6. Let s(v) = -h(v) + u(v). Calculate s(q).
-1
Let q(k) = k**3 + k + 4. Let u be q(-2). Let h(r) = r**3 + 7*r**2 + 6*r - 2. What is h(u)?
-2
Let k = 56 + -61. Let h(c) = -c**2 - 6*c + 5. Give h(k).
10
Let p(y) = 3*y - 10. Let h be p(4). Let o(t) = h*t + 8*t**2 - 3*t**2 - 2*t + 7 + t**3 + 3*t. Give o(-5).
-8
Let d(x) be the second derivative of -1/20*x**5 + 0 + 1/6*x**3 + 3/2*x**2 + 1/12*x**4 + x. Let p be 2/4 + (-2)/4. What is d(p)?
3
Let m(w) = 1 - 4 + 2*w + 5 - 1. Determine m(3).
7
Let g(h) = -10*h + 6 - 2*h + 10*h. Let n be (-18)/(-4)*4/3. Let u = n + -2. What is g(u)?
-2
Suppose h + 3*i = -12, -4*h = -i + 3*i - 2. Let r(y) = y + h + 2*y - y. Determine r(-2).
-1
Let q(n) = 2*n**2 + n - 2. Let t(y) = 3*y - 1. Let m be t(1). Suppose -m*b = s - b + 7, 2*b = -s - 9. Let g be s*(3/(-5) - -1). Determine q(g).
4
Let o(h) = -1 - 3 - 2*h + 5 + 8. Give o(6).
-3
Let j = -17 + 14. Let n(a) be the first derivative of 2*a**3/3 + a**2 - 2*a + 9. Give n(j).
10
Let q(w) = -w**2 + 2*w - 3. Suppose -3*b + 3 = -0. Let o = 3 - b. Give q(o).
-3
Suppose 